{"id":19,"date":"2025-01-20T16:00:24","date_gmt":"2025-01-20T15:00:24","guid":{"rendered":"http:\/\/chercheurdesons.fr\/?page_id=19"},"modified":"2025-02-05T19:00:07","modified_gmt":"2025-02-05T18:00:07","slug":"a-propos","status":"publish","type":"page","link":"https:\/\/chercheurdesons.fr\/?page_id=19","title":{"rendered":"A propos"},"content":{"rendered":"\t\t<div data-elementor-type=\"wp-page\" data-elementor-id=\"19\" class=\"elementor elementor-19\">\n\t\t\t\t<div class=\"elementor-element elementor-element-935cfe4 e-flex e-con-boxed e-con e-parent\" data-id=\"935cfe4\" data-element_type=\"container\" data-e-type=\"container\">\n\t\t\t\t\t<div class=\"e-con-inner\">\n\t\t<div class=\"elementor-element elementor-element-3bac5ff e-con-full e-flex e-con e-child\" data-id=\"3bac5ff\" data-element_type=\"container\" data-e-type=\"container\">\n\t\t\t\t<div class=\"elementor-element elementor-element-f328618 elementor-drop-cap-yes elementor-drop-cap-view-default elementor-widget elementor-widget-text-editor\" data-id=\"f328618\" data-element_type=\"widget\" data-e-type=\"widget\" data-settings=\"{&quot;drop_cap&quot;:&quot;yes&quot;}\" data-widget_type=\"text-editor.default\">\n\t\t\t\t<div class=\"elementor-widget-container\">\n\t\t\t\t\t\t\t\t\t<p>Passionn\u00e9 depuis tout petit par les sons et la nature, j&rsquo;ai effectu\u00e9 mon premier stage d&rsquo;enregistrement des sons de la nature en 1992 au Centre d&rsquo;Etude Bioacoustique Alpin (CEBA) avec Jean Roch\u00e9. J&rsquo;acqui\u00e8re \u00e0 cette occasion ma premi\u00e8re parabole. Je ne cesse d&rsquo;enregistrer les sons de la nature depuis mais \u00e9galement tout type de paysages sonores et des personnes.&nbsp;<\/p>\n<p>Je voyage beaucoup depuis 2015 pour enregistrer la diversit\u00e9 des sons de notre belle plan\u00e8te, Sri Lanka, Pologne, Patagonie, Tha\u00eflande, Costa Rica, notamment en compagnie de l&rsquo;audio-naturaliste de renom Fernand Deroussen qui m&rsquo;a permis de progresser dans ma technique.&nbsp;<\/p>\n<p>J&rsquo;ai cr\u00e9\u00e9 en 2022 une activit\u00e9 d\u2019artiste-auteur ind\u00e9pendant \u201cchercheur de sons\u201d avec le souhait de participer \u00e0 des appels \u00e0 projets, prendre du temps pour de la publication de sons et de r\u00e9aliser des cr\u00e9ations sonores documentaires\u2026 Je publie r\u00e9guli\u00e8rement mon travail sur mon espace&nbsp;<a style=\"font-size: 14px; text-align: var(--text-align); background-color: #ffffff;\" href=\"https:\/\/soundcloud.com\/o-pichard\" target=\"_blank\" rel=\"noopener\">soundcloud<\/a>,&nbsp;<a href=\"https:\/\/soundcloud.com\/o-pichard\" target=\"_blank\" rel=\"noopener\">soundcloud.com\/o-pichard<\/a>&nbsp;ou bandcamp,&nbsp;<a href=\"https:\/\/pichard.chercheurdesons.fr\/\" target=\"_blank\">pichard.chercheurdesons.fr<\/a>.&nbsp;<\/p>\t\t\t\t\t\t\t\t<\/div>\n\t\t\t\t<\/div>\n\t\t\t\t<\/div>\n\t\t<div class=\"elementor-element elementor-element-f32594b e-con-full e-flex e-con e-child\" data-id=\"f32594b\" data-element_type=\"container\" data-e-type=\"container\">\n\t\t\t\t<div class=\"elementor-element elementor-element-400fb57 elementor-widget elementor-widget-image\" data-id=\"400fb57\" data-element_type=\"widget\" data-e-type=\"widget\" data-widget_type=\"image.default\">\n\t\t\t\t<div class=\"elementor-widget-container\">\n\t\t\t\t\t\t\t\t\t\t\t\t<figure class=\"wp-caption\">\n\t\t\t\t\t\t\t\t\t\t<img fetchpriority=\"high\" decoding=\"async\" width=\"1000\" height=\"750\" src=\"https:\/\/chercheurdesons.fr\/wp-content\/uploads\/2025\/01\/20210923_161815_photo_Thealie-DHELLEMMES.jpg\" class=\"attachment-large size-large wp-image-58\" alt=\"\" srcset=\"https:\/\/chercheurdesons.fr\/wp-content\/uploads\/2025\/01\/20210923_161815_photo_Thealie-DHELLEMMES.jpg 1000w, https:\/\/chercheurdesons.fr\/wp-content\/uploads\/2025\/01\/20210923_161815_photo_Thealie-DHELLEMMES-300x225.jpg 300w, https:\/\/chercheurdesons.fr\/wp-content\/uploads\/2025\/01\/20210923_161815_photo_Thealie-DHELLEMMES-768x576.jpg 768w\" sizes=\"(max-width: 1000px) 100vw, 1000px\" \/>\t\t\t\t\t\t\t\t\t\t\t<figcaption class=\"widget-image-caption wp-caption-text\">Olivier Pichard. Photo Th\u00e9alie DHELLEMMES<\/figcaption>\n\t\t\t\t\t\t\t\t\t\t<\/figure>\n\t\t\t\t\t\t\t\t\t<\/div>\n\t\t\t\t<\/div>\n\t\t\t\t<\/div>\n\t\t\t\t\t<\/div>\n\t\t\t\t<\/div>\n\t\t\t\t<\/div>\n\t\t","protected":false},"excerpt":{"rendered":"<p>Passionn\u00e9 depuis tout petit par les sons et la nature, j&rsquo;ai effectu\u00e9 mon premier stage d&rsquo;enregistrement des sons de la nature en 1992 au Centre d&rsquo;Etude Bioacoustique Alpin (CEBA) avec Jean Roch\u00e9. J&rsquo;acqui\u00e8re \u00e0 cette occasion ma premi\u00e8re parabole. Je ne cesse d&rsquo;enregistrer les sons de la nature depuis mais \u00e9galement tout type de paysages [&hellip;]<\/p>\n","protected":false},"author":1,"featured_media":0,"parent":0,"menu_order":0,"comment_status":"closed","ping_status":"closed","template":"elementor_header_footer","meta":{"ocean_post_layout":"","ocean_both_sidebars_style":"","ocean_both_sidebars_content_width":0,"ocean_both_sidebars_sidebars_width":0,"ocean_sidebar":"","ocean_second_sidebar":"","ocean_disable_margins":"enable","ocean_add_body_class":"","ocean_shortcode_before_top_bar":"","ocean_shortcode_after_top_bar":"","ocean_shortcode_before_header":"","ocean_shortcode_after_header":"","ocean_has_shortcode":"","ocean_shortcode_after_title":"","ocean_shortcode_before_footer_widgets":"","ocean_shortcode_after_footer_widgets":"","ocean_shortcode_before_footer_bottom":"","ocean_shortcode_after_footer_bottom":"","ocean_display_top_bar":"off","ocean_display_header":"off","ocean_header_style":"","ocean_center_header_left_menu":"","ocean_custom_header_template":"","ocean_custom_logo":0,"ocean_custom_retina_logo":0,"ocean_custom_logo_max_width":0,"ocean_custom_logo_tablet_max_width":0,"ocean_custom_logo_mobile_max_width":0,"ocean_custom_logo_max_height":0,"ocean_custom_logo_tablet_max_height":0,"ocean_custom_logo_mobile_max_height":0,"ocean_header_custom_menu":"","ocean_menu_typo_font_family":"","ocean_menu_typo_font_subset":"","ocean_menu_typo_font_size":0,"ocean_menu_typo_font_size_tablet":0,"ocean_menu_typo_font_size_mobile":0,"ocean_menu_typo_font_size_unit":"px","ocean_menu_typo_font_weight":"","ocean_menu_typo_font_weight_tablet":"","ocean_menu_typo_font_weight_mobile":"","ocean_menu_typo_transform":"","ocean_menu_typo_transform_tablet":"","ocean_menu_typo_transform_mobile":"","ocean_menu_typo_line_height":0,"ocean_menu_typo_line_height_tablet":0,"ocean_menu_typo_line_height_mobile":0,"ocean_menu_typo_line_height_unit":"","ocean_menu_typo_spacing":0,"ocean_menu_typo_spacing_tablet":0,"ocean_menu_typo_spacing_mobile":0,"ocean_menu_typo_spacing_unit":"","ocean_menu_link_color":"","ocean_menu_link_color_hover":"","ocean_menu_link_color_active":"","ocean_menu_link_background":"","ocean_menu_link_hover_background":"","ocean_menu_link_active_background":"","ocean_menu_social_links_bg":"","ocean_menu_social_hover_links_bg":"","ocean_menu_social_links_color":"","ocean_menu_social_hover_links_color":"","ocean_disable_title":"enable","ocean_disable_heading":"default","ocean_post_title":"","ocean_post_subheading":"","ocean_post_title_style":"centered-minimal","ocean_post_title_background_color":"","ocean_post_title_background":0,"ocean_post_title_bg_image_position":"","ocean_post_title_bg_image_attachment":"","ocean_post_title_bg_image_repeat":"","ocean_post_title_bg_image_size":"","ocean_post_title_height":0,"ocean_post_title_bg_overlay":0.5,"ocean_post_title_bg_overlay_color":"","ocean_disable_breadcrumbs":"default","ocean_breadcrumbs_color":"","ocean_breadcrumbs_separator_color":"","ocean_breadcrumbs_links_color":"","ocean_breadcrumbs_links_hover_color":"","ocean_display_footer_widgets":"default","ocean_display_footer_bottom":"default","ocean_custom_footer_template":"","footnotes":""},"class_list":["post-19","page","type-page","status-publish","hentry","entry"],"_links":{"self":[{"href":"https:\/\/chercheurdesons.fr\/index.php?rest_route=\/wp\/v2\/pages\/19","targetHints":{"allow":["GET"]}}],"collection":[{"href":"https:\/\/chercheurdesons.fr\/index.php?rest_route=\/wp\/v2\/pages"}],"about":[{"href":"https:\/\/chercheurdesons.fr\/index.php?rest_route=\/wp\/v2\/types\/page"}],"author":[{"embeddable":true,"href":"https:\/\/chercheurdesons.fr\/index.php?rest_route=\/wp\/v2\/users\/1"}],"replies":[{"embeddable":true,"href":"https:\/\/chercheurdesons.fr\/index.php?rest_route=%2Fwp%2Fv2%2Fcomments&post=19"}],"version-history":[{"count":23,"href":"https:\/\/chercheurdesons.fr\/index.php?rest_route=\/wp\/v2\/pages\/19\/revisions"}],"predecessor-version":[{"id":447,"href":"https:\/\/chercheurdesons.fr\/index.php?rest_route=\/wp\/v2\/pages\/19\/revisions\/447"}],"wp:attachment":[{"href":"https:\/\/chercheurdesons.fr\/index.php?rest_route=%2Fwp%2Fv2%2Fmedia&parent=19"}],"curies":[{"name":"wp","href":"https:\/\/api.w.org\/{rel}","templated":true}]}}

<div data-elementor-type="wp-page" data-elementor-id="19" class="elementor elementor-19">
				<div class="elementor-element elementor-element-935cfe4 e-flex e-con-boxed e-con e-parent" data-id="935cfe4" data-element_type="container" data-e-type="container">
					<div class="e-con-inner">
		<div class="elementor-element elementor-element-3bac5ff e-con-full e-flex e-con e-child" data-id="3bac5ff" data-element_type="container" data-e-type="container">
				<div class="elementor-element elementor-element-f328618 elementor-drop-cap-yes elementor-drop-cap-view-default elementor-widget elementor-widget-text-editor" data-id="f328618" data-element_type="widget" data-e-type="widget" data-settings="{&quot;drop_cap&quot;:&quot;yes&quot;}" data-widget_type="text-editor.default">
				<div class="elementor-widget-container">
									<p>Passionné depuis tout petit par les sons et la nature, j&rsquo;ai effectué mon premier stage d&rsquo;enregistrement des sons de la nature en 1992 au Centre d&rsquo;Etude Bioacoustique Alpin (CEBA) avec Jean Roché. J&rsquo;acquière à cette occasion ma première parabole. Je ne cesse d&rsquo;enregistrer les sons de la nature depuis mais également tout type de paysages sonores et des personnes.&nbsp;</p>
<p>Je voyage beaucoup depuis 2015 pour enregistrer la diversité des sons de notre belle planète, Sri Lanka, Pologne, Patagonie, Thaïlande, Costa Rica, notamment en compagnie de l&rsquo;audio-naturaliste de renom Fernand Deroussen qui m&rsquo;a permis de progresser dans ma technique.&nbsp;</p>
<p>J&rsquo;ai créé en 2022 une activité d’artiste-auteur indépendant “chercheur de sons” avec le souhait de participer à des appels à projets, prendre du temps pour de la publication de sons et de réaliser des créations sonores documentaires… Je publie régulièrement mon travail sur mon espace&nbsp;<a style="font-size: 14px; text-align: var(--text-align); background-color: #ffffff;" href="https://soundcloud.com/o-pichard" target="_blank" rel="noopener">soundcloud</a>,&nbsp;<a href="https://soundcloud.com/o-pichard" target="_blank" rel="noopener">soundcloud.com/o-pichard</a>&nbsp;ou bandcamp,&nbsp;<a href="https://pichard.chercheurdesons.fr/" target="_blank">pichard.chercheurdesons.fr</a>.&nbsp;</p>								</div>
				</div>
				</div>
		<div class="elementor-element elementor-element-f32594b e-con-full e-flex e-con e-child" data-id="f32594b" data-element_type="container" data-e-type="container">
				<div class="elementor-element elementor-element-400fb57 elementor-widget elementor-widget-image" data-id="400fb57" data-element_type="widget" data-e-type="widget" data-widget_type="image.default">
				<div class="elementor-widget-container">
												<figure class="wp-caption">
										<img fetchpriority="high" decoding="async" width="1000" height="750" src="https://chercheurdesons.fr/wp-content/uploads/2025/01/20210923_161815_photo_Thealie-DHELLEMMES.jpg" class="attachment-large size-large wp-image-58" alt="" srcset="https://chercheurdesons.fr/wp-content/uploads/2025/01/20210923_161815_photo_Thealie-DHELLEMMES.jpg 1000w, https://chercheurdesons.fr/wp-content/uploads/2025/01/20210923_161815_photo_Thealie-DHELLEMMES-300x225.jpg 300w, https://chercheurdesons.fr/wp-content/uploads/2025/01/20210923_161815_photo_Thealie-DHELLEMMES-768x576.jpg 768w" sizes="(max-width: 1000px) 100vw, 1000px" />											<figcaption class="widget-image-caption wp-caption-text">Olivier Pichard. Photo Théalie DHELLEMMES</figcaption>
										</figure>
									</div>
				</div>
				</div>
					</div>
				</div>
				</div>

<p>Passionné depuis tout petit par les sons et la nature, j&rsquo;ai effectué mon premier stage d&rsquo;enregistrement des sons de la nature en 1992 au Centre d&rsquo;Etude Bioacoustique Alpin (CEBA) avec Jean Roché. J&rsquo;acquière à cette occasion ma première parabole. Je ne cesse d&rsquo;enregistrer les sons de la nature depuis mais également tout type de paysages [&hellip;]</p>
